 highest common divisor of 15 and r.
15
Let f = 6 + -21. Let t = f + 45. What is the greatest common factor of 10 and t?
10
Suppose -2*m = 3*j - 2*j - 9, -m = -3. Suppose -j*c + 0*c = -90. Let a be (c/(-4))/((-1)/2). What is the greatest common divisor of 90 and a?
15
Suppose -119 = -4*d + 61. Suppose 0 = 3*w + 3*v - d, w + w - 2*v - 34 = 0. Calculate the highest common factor of 160 and w.
16
Let g be 333/45 + 6/10. What is the highest common factor of g and 1?
1
Let a = -1 + 1. Suppose -2*f = -4*b - 4 + 50, 3*b - 3*f = 33. Suppose a = -s - s + b. What is the highest common divisor of s and 30?
6
Suppose -61 = -8*l + 275. What is the highest common divisor of 56 and l?
14
Suppose 2 = 2*q - 4. Suppose 4*u + 5*w - 207 = 0, 2*u - 183 = -2*u + q*w. Calculate the greatest common factor of 16 and u.
16
Suppose 5*u = -0*u + 20. Let y be (32 - 8)*2/u. What is the highest common factor of y and 12?
12
Let q = -7 + 39. Suppose 18 = 5*z + 2*u, 4*z - 4*u - 13 = -7*u. What is the greatest common factor of z and q?
4
Suppose a + 475 = 5*n, -4*n - 3*a + 285 = -n. Calculate the greatest common factor of 38 and n.
19
Let x(a) = -103*a + 13. Let z be x(-10). Suppose -5*f + 2*f - w = -782, -z = -4*f - w. Calculate the highest common divisor of f and 29.
29
Suppose -4*y - 4*a + 71 = 19, -5*y = -2*a - 58. What is the highest common divisor of y and 12?
12
Let w be -4*(-3)/6*1. Suppose -4*p = 3*t - 21, -t - 1 = 3*p - 13. What is the highest common divisor of w and t?
1
Let n be 578/(-6) - (-2)/(-3). Let x = -46 - n. What is the highest common divisor of x and 34?
17
Let o be 30/9 + 2/3. Suppose -8*g + 72 = -o*g. Let y = 438 - 276. What is the highest common divisor of y and g?
18
Let p(f) = 187*f**2. Let h be p(-1). Let b = 2 - -1. Suppose -g - 2*v + 7 = b*v, 3*g + v - 49 = 0. What is the highest common factor of g and h?
17
Suppose -4*r - r = 10. Let t be (-52)/(-9) + r/(-9). What is the greatest common divisor of 48 and t?
6
Suppose -3*c - 3*x = -5*c, 0 = -c + 5*x - 14. What is the greatest common divisor of c and 26?
2
Let r be ((-1 - -2) + 0)*187. Suppose r = i - 0*i. Suppose i = 4*o - 149. What is the greatest common factor of 12 and o?
12
Let s(y) be the first derivative of 4 - 2*y**2 + 8*y - 1 - 2. Let f be s(-8). Calculate the highest common factor of 16 and f.
8
Let b = 333 + -235. Let l = -65 + b. What is the greatest common divisor of l and 11?
11
Suppose -6 + 58 = 2*d. Calculate the highest common factor of d and 208.
26
Suppose 0 = 2*y - 4*n - 100 - 92, 5*y - 507 = n. Let t be (-3 - -5)*(-34)/(-4). What is the highest common factor of t and y?
17
Suppose -q - 2*j = 2*j - 7, -5*q + 2*j - 9 = 0. Let f = 8 - 5. Let u be 15/f + (q - 1). Calculate the greatest common factor of u and 24.
3
Let c(h) = 10*h + 2*h + 9*h. Let s be c(1). Let i be (1/2*14)/1. What is the greatest common factor of i and s?
7
Suppose -535 = 6*z - 5*z. Let g = 30 + -32. Let y be g/7 - z/35. What is the greatest common divisor of y and 135?
15
Suppose 4*r - 107 = n, 2*r - 67 = -4*n + 9. Let d = 129 + -87. Calculate the highest common factor of r and d.
14
Suppose 2*m = 35 + 13. What is the greatest common factor of 108 and m?
12
Suppose 11*f - 7*f = 44. Calculate the highest common factor of 99 and f.
11
Let j be 0/(-4 + -2) - -195. Calculate the highest common divisor of 15 and j.
15
Let r be (77/(-14))/(2/(-4)). What is the greatest common factor of r and 44?
11
Let n = -34 - -48. Suppose c = 8*c - 147. What is the highest common factor of n and c?
7
Let s = -38 - -23. Let d = -9 - s. Calculate the highest common factor of 66 and d.
6
Let h = -17 - -59. Calculate the highest common factor of h and 105.
21
Suppose -s - 5*m = 20 - 2, -4*s = 2*m - 18. What is the highest common factor of 77 and s?
7
Let v(g) = 4 - 5*g**3 + 2*g**3 + 4*g**3 + 3*g**2. Let x be v(-3). Suppose 0*r = -x*r + 60. What is the greatest common divisor of r and 60?
15
Let k = 17 - 13. Let y be (k - (-3 - -6)) + 3. Let d be (-10)/(-4) - (-1)/(-2). Calculate the greatest common divisor of d and y.
2
Let y be 6/(-1) - (0 + -2). Let c(g) be the first derivative of g**3/3 + g**2 + 2*g - 1. Let k be c(y). Calculate the highest common divisor of 2 and k.
2
Suppose -3*j - j = -96. Suppose v = -a - 5, 0 = -a + 4*a + 4*v + 17. Let f be a/9 - (-50)/6. What is the greatest common factor of j and f?
8
Let x(t) = -7*t - 13. Let i be x(-9). Let q = i - 33. Let n = 50 - 16. Calculate the greatest common divisor of n and q.
17
Suppose -2*q + 5 = -3*q. Let n = q - -13. Let y = 69 - 49. What is the highest common divisor of y and n?
4
Suppose 0 = 3*i + 9, 0*u + 2*i = -4*u + 46. Suppose y = 2*p - 79, p - 2*y + 154 = 5*p. What is the highest common divisor of p and u?
13
Suppose 0 = -5*a + 3*a + 64. Suppose 0*m + 2*m - 101 = -f, 5*m + 4*f = 260. Calculate the greatest common divisor of m and a.
16
Suppose 5*d + c + 65 = 0, 3*d + d - 5*c = -81. Let w be (-20)/(-140) - 390/d. What is the greatest common divisor of w and 70?
14
Let k = 37 - 17. What is the highest common factor of 8 and k?
4
Suppose -4*d + 2*d - 24 = 0. Let m be 32/d + (-1)/3. Let y be 64/3 + 1/m. What is the greatest common factor of y and 231?
21
Let w be (-56)/10*-3*(-10)/(-3). What is the greatest common factor of 7 and w?
7
Let v = 636 + -452. What is the highest common divisor of 23 and v?
23
Suppose 11 = 8*y - 21. Calculate the highest common divisor of 44 and y.
4
Suppose -4*a = -8*a + 180. Suppose 4 - 19 = -3*p. Calculate the highest common divisor of p and a.
5
Suppose 0 = 3*q + 21 + 6. Let d = 117 + q. What is the highest common factor of 12 and d?
12
Let n be 0*((-5)/2 - -2). Suppose -a + 0*a = n. Suppose 0*j - 3*j + 12 = a. Calculate the greatest common divisor of j and 28.
4
Suppose -3*n - f + 26 = -118, n - 3*f = 48. Calculate the greatest common factor of 192 and n.
48
Let d(a) = -7 + 12*a - 5*a - 2*a - 3*a. Let g be d(11). Calculate the highest common factor of 75 and g.
15
Suppose 2*a = a - 4. Let p be 0/(-3 - 1*a). Suppose -46 = -5*w - h, 5*w - h + 0*h - 54 = p. What is the highest common factor of 60 and w?
10
Suppose d = 66 - 18. Calculate the greatest common divisor of 16 and d.
16
Suppose -139 - 281 = -5*f. Let k(w) = -w**3 - 13*w**2 + 12. Let n be k(-13). Calculate the greatest common divisor of f and n.
12
Let s be 0 - 1*(1 + -13). Calculate the highest common factor of s and 4.
4
Suppose 351 = -9*b + 18*b. What is the highest common factor of b and 3?
3
Let k be 972/20 - 3/5. What is the highest common divisor of k and 6?
6
Suppose -20 = -3*o + 4*m, 0 = 5*o - 0*m - 4*m - 44. Suppose 17 + 43 = 5*l. What is the greatest common divisor of l and o?
12
Suppose -10 = -5*y, o = -2*o - 2*y + 199. Suppose 17 - o = -4*c. Let w = 20 + -14. Calculate the highest common divisor of w and c.
6
Let x = -4 + 8. Suppose 0*r = x*r. Let u(y) = -y**3 + y**2 - y + 15. Let t be u(r). Calculate the highest common factor of t and 30.
15
Let n(k) = k**2 - k - 2. Let z be n(-3). Suppose -2*c + z = 3*c. Suppose 5*i - 5*a = 3*i - 3, -a - 17 = -c*i. What is the highest common factor of 11 and i?
11
Let u(t) = -2*t**2. Let r be u(-1). Let g be (2 + -2)*(-1)/r. Suppose -9 = -0*n - n + 3*f, 4*f = g. Calculate the greatest common factor of n and 6.
3
Suppose 2*l - 2 + 0 = 0. Let h be (4/l)/(-2) - -4. Calculate the highest common divisor of h and 16.
2
Let a be (-3 + 27/6)*2. Suppose -4*r - 4*t + 76 = 0, -a*r = -0*r + 2*t - 56. What is the highest common divisor of 6 and r?
6
Suppose 39 = -2*j + 5*j. Calculate the greatest common divisor of 117 and j.
13
Let j = -43 - -73. What is the greatest common divisor of j and 20?
10
Let j(q) = -q**3 - 7*q**2 + q + 7. Let g be j(-7). Suppose -y - 2*y + 39 = g. Suppose 11 = 3*w - y. What is the highest common divisor of 88 and w?
8
Let z(f) = -f**3 - f**2 + f + 40. Let a be z(0). Calculate the greatest common factor of 40 and a.
40
Let s be 8/((8/5)/4). Suppose 14 = 4*j - 3*p - 15, -p = -3*j + 18. Calculate the greatest common divisor of s and j.
5
Suppose 3*r = -4*d + 187, 3*d = -r + 2*d + 61. Let z = -49 - -68. What is the greatest common factor of z and r?
19
Suppose 2*w - 3*w = 2*x - 9, 2*w = 5*x - 45. Suppose 5*o - 289 + 9 = 0. Calculate the highest common divisor of o and x.
7
Suppose 84 = 2*n + 4*u - 96, 0 = -3*n + 2*u + 310. C